{"id":3017,"date":"2021-05-21T13:12:35","date_gmt":"2021-05-21T11:12:35","guid":{"rendered":"https:\/\/www.diakonie-marbach.de\/?page_id=3017"},"modified":"2021-05-21T13:31:59","modified_gmt":"2021-05-21T11:31:59","slug":"wellcome","status":"publish","type":"page","link":"https:\/\/www.diakonie-marbach.de\/index.php\/wellcome\/","title":{"rendered":"Wellcome"},"content":{"rendered":"\t\t<div data-elementor-type=\"wp-page\" data-elementor-id=\"3017\" class=\"elementor elementor-3017\">\n\t\t\t\t\t\t<section class=\"elementor-section elementor-top-section elementor-element elementor-element-ad2e546 elementor-section-boxed elementor-section-height-default elementor-section-height-default\" data-id=\"ad2e546\" data-element_type=\"section\" data-e-type=\"section\">\n\t\t\t\t\t\t<div class=\"elementor-container elementor-column-gap-default\">\n\t\t\t\t\t<div class=\"elementor-column elementor-col-100 elementor-top-column elementor-element elementor-element-f475508\" data-id=\"f475508\" data-element_type=\"column\" data-e-type=\"column\">\n\t\t\t<div class=\"elementor-widget-wrap elementor-element-populated\">\n\t\t\t\t\t\t<div class=\"elementor-element elementor-element-f8d4a93 elementor-widget elementor-widget-image\" data-id=\"f8d4a93\" data-element_type=\"widget\" data-e-type=\"widget\" data-widget_type=\"image.default\">\n\t\t\t\t<div class=\"elementor-widget-container\">\n\t\t\t\t\t\t\t\t\t\t\t\t\t\t\t<img decoding=\"async\" width=\"250\" height=\"195\" src=\"https:\/\/www.diakonie-marbach.de\/wp-content\/uploads\/csm_wellcom_Logo_neu_d9903b9a01.jpg\" class=\"attachment-large size-large wp-image-3025\" alt=\"\" \/>\t\t\t\t\t\t\t\t\t\t\t\t\t\t\t<\/div>\n\t\t\t\t<\/div>\n\t\t\t\t\t<\/div>\n\t\t<\/div>\n\t\t\t\t\t<\/div>\n\t\t<\/section>\n\t\t\t\t<section class=\"elementor-section elementor-top-section elementor-element elementor-element-fee4f35 elementor-section-boxed elementor-section-height-default elementor-section-height-default\" data-id=\"fee4f35\" data-element_type=\"section\" data-e-type=\"section\">\n\t\t\t\t\t\t<div class=\"elementor-container elementor-column-gap-default\">\n\t\t\t\t\t<div class=\"elementor-column elementor-col-100 elementor-top-column elementor-element elementor-element-6667073\" data-id=\"6667073\" data-element_type=\"column\" data-e-type=\"column\">\n\t\t\t<div class=\"elementor-widget-wrap elementor-element-populated\">\n\t\t\t\t\t\t<section class=\"elementor-section elementor-inner-section elementor-element elementor-element-ce17f4f elementor-section-boxed elementor-section-height-default elementor-section-height-default\" data-id=\"ce17f4f\" data-element_type=\"section\" data-e-type=\"section\">\n\t\t\t\t\t\t<div class=\"elementor-container elementor-column-gap-default\">\n\t\t\t\t\t<div class=\"elementor-column elementor-col-50 elementor-inner-column elementor-element elementor-element-0679c08\" data-id=\"0679c08\" data-element_type=\"column\" data-e-type=\"column\">\n\t\t\t<div class=\"elementor-widget-wrap elementor-element-populated\">\n\t\t\t\t\t\t<div class=\"elementor-element elementor-element-ee90ced elementor-widget elementor-widget-text-editor\" data-id=\"ee90ced\" data-element_type=\"widget\" data-e-type=\"widget\" data-widget_type=\"text-editor.default\">\n\t\t\t\t<div class=\"elementor-widget-container\">\n\t\t\t\t\t\t\t\t\t<p><b>Praktische Hilfe nach der Geburt<\/b><\/p><p>Das Baby ist da, die Freude ist riesig \u2013 und nichts geht mehr. Gut, wenn Familie oder Freunde in der ersten Zeit unterst\u00fctzen k\u00f6nnen. Wer keine Hilfe hat, kann sie von <b>wellcome<\/b> bekommen.<br \/><br \/><b>wellcome ist moderne Nachbarschaftshilfe.<\/b> Das wellcome-Team bietet Ihnen unb\u00fcrokratische Hilfe im ersten Lebensjahr Ihres Babys.<br \/><br \/>Hilfe erhalten Sie durch Ehrenamtliche, die Sie im Alltag entlasten &#8211; sowie es sonst Familie, Freunde oder Nachbarn tun w\u00fcrden. Sie wachen \u00fcber den Schlaf Ihres Babys, w\u00e4hrend Sie sich ausruhen. Sie k\u00fcmmern sich um das Geschwisterkind. Sie begleiten die Zwillingsmutter zum Kinderatzt. Sie unterst\u00fctzen ganz praktisch und h\u00f6ren zu.<\/p>\t\t\t\t\t\t\t\t<\/div>\n\t\t\t\t<\/div>\n\t\t\t\t\t<\/div>\n\t\t<\/div>\n\t\t\t\t<div class=\"elementor-column elementor-col-50 elementor-inner-column elementor-element elementor-element-b97bc6b\" data-id=\"b97bc6b\" data-element_type=\"column\" data-e-type=\"column\">\n\t\t\t<div class=\"elementor-widget-wrap elementor-element-populated\">\n\t\t\t\t\t\t<div class=\"elementor-element elementor-element-999a00a elementor-widget elementor-widget-text-editor\" data-id=\"999a00a\" data-element_type=\"widget\" data-e-type=\"widget\" data-widget_type=\"text-editor.default\">\n\t\t\t\t<div class=\"elementor-widget-container\">\n\t\t\t\t\t\t\t\t\t<p><strong>Kontakt:<\/strong><\/p><p><strong>Sabine Auerbach<br \/><\/strong>Wellcome-Koordinatorin<br \/>B\u00fcro: Mo, Di und Fr von 9:00-12:00 Uhr<br \/>Kreisdiakonieverband Ludwigsburg<br \/>Haus der Kirche und Diakonie<br \/>Untere Marktstra\u00dfe 3<br \/>71634 Ludwigsburg<br \/>Telefon 0176-11954212<\/p><p><u><a href=\"mailto:s.auerbach@kreisdiakonieverband-lb.de\">s.auerbach@kreisdiakonieverband-lb.de<\/a><\/u><\/p><p><a href=\"mailto:ludwigsburg@wellcome-online.de\">ludwigsburg@wellcome-online.de<\/a><\/p><p><a href=\"http:\/\/www.kreisdiakonieverband-lb.de\/\">www.kreisdiakonieverband-lb.de<\/a><\/p><p><a href=\"http:\/\/www.wellcome-online.de\/\">www.wellcome-online.de<\/a><\/p><p>\u00a0<\/p>\t\t\t\t\t\t\t\t<\/div>\n\t\t\t\t<\/div>\n\t\t\t\t\t<\/div>\n\t\t<\/div>\n\t\t\t\t\t<\/div>\n\t\t<\/section>\n\t\t\t\t\t<\/div>\n\t\t<\/div>\n\t\t\t\t\t<\/div>\n\t\t<\/section>\n\t\t\t\t<\/div>\n\t\t","protected":false},"excerpt":{"rendered":"<p>Praktische Hilfe nach der Geburt Das Baby ist da, die Freude ist riesig \u2013 und nichts geht mehr. Gut, wenn Familie oder Freunde in der ersten Zeit unterst\u00fctzen k\u00f6nnen. Wer keine Hilfe hat, kann sie von wellcome bekommen. wellcome ist moderne Nachbarschaftshilfe. Das wellcome-Team bietet Ihnen unb\u00fcrokratische Hilfe im ersten Lebensjahr Ihres Babys. Hilfe erhalten Sie durch Ehrenamtliche, die Sie im Alltag entlasten &#8211; sowie es sonst Familie, Freunde oder Nachbarn tun w\u00fcrden. Sie wachen \u00fcber den Schlaf Ihres Babys, w\u00e4hrend Sie sich ausruhen. Sie k\u00fcmmern sich um das Geschwisterkind. Sie begleiten die Zwillingsmutter zum Kinderatzt. Sie unterst\u00fctzen ganz praktisch und h\u00f6ren zu. Kontakt: Sabine AuerbachWellcome-KoordinatorinB\u00fcro: Mo, Di und Fr von 9:00-12:00 UhrKreisdiakonieverband LudwigsburgHaus der Kirche und DiakonieUntere Marktstra\u00dfe 371634 LudwigsburgTelefon 0176-11954212 s.auerbach@kreisdiakonieverband-lb.de ludwigsburg@wellcome-online.de www.kreisdiakonieverband-lb.de www.wellcome-online.de \u00a0<\/p>\n","protected":false},"author":1,"featured_media":0,"parent":0,"menu_order":0,"comment_status":"closed","ping_status":"closed","template":"page-templates\/template-pagebuilder-full-width.php","meta":{"ngg_post_thumbnail":0,"footnotes":""},"class_list":["post-3017","page","type-page","status-publish","hentry"],"_links":{"self":[{"href":"https:\/\/www.diakonie-marbach.de\/index.php\/wp-json\/wp\/v2\/pages\/3017","targetHints":{"allow":["GET"]}}],"collection":[{"href":"https:\/\/www.diakonie-marbach.de\/index.php\/wp-json\/wp\/v2\/pages"}],"about":[{"href":"https:\/\/www.diakonie-marbach.de\/index.php\/wp-json\/wp\/v2\/types\/page"}],"author":[{"embeddable":true,"href":"https:\/\/www.diakonie-marbach.de\/index.php\/wp-json\/wp\/v2\/users\/1"}],"replies":[{"embeddable":true,"href":"https:\/\/www.diakonie-marbach.de\/index.php\/wp-json\/wp\/v2\/comments?post=3017"}],"version-history":[{"count":9,"href":"https:\/\/www.diakonie-marbach.de\/index.php\/wp-json\/wp\/v2\/pages\/3017\/revisions"}],"predecessor-version":[{"id":3028,"href":"https:\/\/www.diakonie-marbach.de\/index.php\/wp-json\/wp\/v2\/pages\/3017\/revisions\/3028"}],"wp:attachment":[{"href":"https:\/\/www.diakonie-marbach.de\/index.php\/wp-json\/wp\/v2\/media?parent=3017"}],"curies":[{"name":"wp","href":"https:\/\/api.w.org\/{rel}","templated":true}]}}