{"id":1936,"date":"2020-02-25T15:04:38","date_gmt":"2020-02-25T14:04:38","guid":{"rendered":"http:\/\/www.diakonie-marbach.de\/?page_id=1936"},"modified":"2020-02-25T15:04:38","modified_gmt":"2020-02-25T14:04:38","slug":"gehoerlose-menschen","status":"publish","type":"page","link":"https:\/\/www.diakonie-marbach.de\/index.php\/gehoerlose-menschen\/","title":{"rendered":"Geh\u00f6rlose Menschen"},"content":{"rendered":"<p><strong><u>Geh\u00f6rlose Menschen\/Gottesdienst in Geb\u00e4rdensprache<\/u><\/strong><\/p>\n<p><strong>Sie sind geh\u00f6rlos oder stark schwerh\u00f6rig?<\/strong><\/p>\n<p><strong>Sie kommunizieren in Deutscher Geb\u00e4rdensprache?<\/strong><\/p>\n<p><strong>Dann sind Sie hier richtig!<\/strong><\/p>\n<p>Wir bieten:<\/p>\n<ul>\n<li>Gottesdienste<\/li>\n<li>Taufen<\/li>\n<li>Trauungen<\/li>\n<li>Beerdigungen<\/li>\n<li>Ausfl\u00fcge<\/li>\n<li>Frauenfr\u00fchst\u00fcck<\/li>\n<li>Seelsorge<\/li>\n<li>Seniorentreffen<\/li>\n<li>und christliche Reisen<\/li>\n<\/ul>\n<p>Das sind wir:<\/p>\n<p>Landespfarrerin Daniela Milz-Ramming<br \/>\nSMS, Telegram, Whatsapp: 0157 70278056<\/p>\n<p><img decoding=\"async\" class=\"alignleft wp-image-1937\" src=\"http:\/\/www.diakonie-marbach.de\/wp-content\/uploads\/Milz.jpg\" alt=\"\" width=\"95\" height=\"126\" srcset=\"https:\/\/www.diakonie-marbach.de\/wp-content\/uploads\/Milz.jpg 260w, https:\/\/www.diakonie-marbach.de\/wp-content\/uploads\/Milz-225x300.jpg 225w\" sizes=\"(max-width: 95px) 100vw, 95px\" \/><\/p>\n<p>&nbsp;<\/p>\n<p>&nbsp;<\/p>\n<p>&nbsp;<\/p>\n<p>&nbsp;<\/p>\n<p>Diakon Gerhard Reider<br \/>\nSMS, Telegram, Whatsapp: 0178 3297605<\/p>\n<p><img decoding=\"async\" class=\"alignleft wp-image-1938\" src=\"http:\/\/www.diakonie-marbach.de\/wp-content\/uploads\/Reider.jpg\" alt=\"\" width=\"118\" height=\"157\" srcset=\"https:\/\/www.diakonie-marbach.de\/wp-content\/uploads\/Reider.jpg 260w, https:\/\/www.diakonie-marbach.de\/wp-content\/uploads\/Reider-225x300.jpg 225w\" sizes=\"(max-width: 118px) 100vw, 118px\" \/><\/p>\n<p>&nbsp;<\/p>\n<p>&nbsp;<\/p>\n<p>&nbsp;<\/p>\n<p>&nbsp;<\/p>\n<p>&nbsp;<\/p>\n<p>B\u00fcro im Diakonischen Werk Stuttgart<br \/>\nHeilbronner Stra\u00dfe 180<br \/>\n70191 Stuttgart<\/p>\n<p>Fax: 0711-165649194<\/p>\n<p>Weitere Informationen \u00fcber unsere Gottesdienstorte, die Pfarrerinnen und Pfarrer und unsere Arbeit finden Sie hier:<\/p>\n<p><a href=\"https:\/\/www.gehoerlosenseelsorge-wuerttemberg.de\/\">https:\/\/www.gehoerlosenseelsorge-wuerttemberg.de\/<\/a><\/p>\n","protected":false},"excerpt":{"rendered":"<p>Geh\u00f6rlose Menschen\/Gottesdienst in Geb\u00e4rdensprache Sie sind geh\u00f6rlos oder stark schwerh\u00f6rig? Sie kommunizieren in Deutscher Geb\u00e4rdensprache? Dann sind Sie hier richtig! Wir bieten: Gottesdienste Taufen Trauungen Beerdigungen Ausfl\u00fcge Frauenfr\u00fchst\u00fcck Seelsorge Seniorentreffen und christliche Reisen Das sind wir: Landespfarrerin Daniela Milz-Ramming SMS, Telegram, Whatsapp: 0157 70278056 &nbsp; &nbsp; &nbsp; &nbsp; Diakon Gerhard Reider SMS, Telegram, Whatsapp: 0178 3297605 &nbsp; &nbsp; &nbsp; &nbsp; &nbsp; B\u00fcro im Diakonischen Werk Stuttgart Heilbronner Stra\u00dfe 180 70191 Stuttgart Fax: 0711-165649194 Weitere Informationen \u00fcber unsere Gottesdienstorte, die Pfarrerinnen und Pfarrer und unsere Arbeit finden Sie hier: https:\/\/www.gehoerlosenseelsorge-wuerttemberg.de\/<\/p>\n","protected":false},"author":1,"featured_media":0,"parent":0,"menu_order":0,"comment_status":"closed","ping_status":"closed","template":"","meta":{"ngg_post_thumbnail":0,"footnotes":""},"class_list":["post-1936","page","type-page","status-publish","hentry"],"_links":{"self":[{"href":"https:\/\/www.diakonie-marbach.de\/index.php\/wp-json\/wp\/v2\/pages\/1936","targetHints":{"allow":["GET"]}}],"collection":[{"href":"https:\/\/www.diakonie-marbach.de\/index.php\/wp-json\/wp\/v2\/pages"}],"about":[{"href":"https:\/\/www.diakonie-marbach.de\/index.php\/wp-json\/wp\/v2\/types\/page"}],"author":[{"embeddable":true,"href":"https:\/\/www.diakonie-marbach.de\/index.php\/wp-json\/wp\/v2\/users\/1"}],"replies":[{"embeddable":true,"href":"https:\/\/www.diakonie-marbach.de\/index.php\/wp-json\/wp\/v2\/comments?post=1936"}],"version-history":[{"count":1,"href":"https:\/\/www.diakonie-marbach.de\/index.php\/wp-json\/wp\/v2\/pages\/1936\/revisions"}],"predecessor-version":[{"id":1940,"href":"https:\/\/www.diakonie-marbach.de\/index.php\/wp-json\/wp\/v2\/pages\/1936\/revisions\/1940"}],"wp:attachment":[{"href":"https:\/\/www.diakonie-marbach.de\/index.php\/wp-json\/wp\/v2\/media?parent=1936"}],"curies":[{"name":"wp","href":"https:\/\/api.w.org\/{rel}","templated":true}]}}