{"id":1470,"date":"2019-05-21T12:34:59","date_gmt":"2019-05-21T10:34:59","guid":{"rendered":"http:\/\/www.diakonie-marbach.de\/?page_id=1470"},"modified":"2019-05-21T12:34:59","modified_gmt":"2019-05-21T10:34:59","slug":"stellungnahme-des-buendnisses-gegen-altersarmut","status":"publish","type":"page","link":"https:\/\/www.diakonie-marbach.de\/index.php\/stellungnahme-des-buendnisses-gegen-altersarmut\/","title":{"rendered":"Stellungnahme des B\u00fcndnisses gegen Altersarmut"},"content":{"rendered":"<p>Stellungnahme des B\u00fcndnisses gegen Altersarmut in Baden-W\u00fcrttemberg zum Konzept einer Grundrente des Bundesarbeits- und sozialministers Hubertus Heil<br \/>\nEinleitung<br \/>\nMehr als 30 Sozialverb\u00e4nde, Gewerkschaften, zivilgesellschaftliche und kirchliche Organisationen in Baden-W\u00fcrttemberg haben sich am 3. April 2017 in Stuttgart zu einem breiten gesellschaftlichen B\u00fcndnis gegen Altersarmut zusammengefunden, um f\u00fcr einen Kurswechsel in der Rentenpolitik einzutreten. Die B\u00fcndnispartner*innen eint die Sorge, dass bereits ab 2030 Millionen \u00e4ltere Mitb\u00fcrger*innen auf den Gang zum Sozialamt angewiesen sein werden, wenn nicht heute gegengesteuert wird. Die damit verbundenen Folgen f\u00fcr den Zusammenhalt unserer Gesellschaft sind dramatisch. Im B\u00fcndnispapier halten die B\u00fcndnispartner*innen fest: \u201eEine reiche und soziale Gesellschaft darf es nicht l\u00e4nger zulassen, dass Menschen, die ein Leben lang gearbeitet haben, in Armut geraten. Ein Wechsel in der Rentenpolitik ist dringend n\u00f6tig und auch m\u00f6glich. Die gesetzliche Rente soll wieder die Wahrung des Lebensstandards im Alter erm\u00f6glichen. Sie muss Armut im Alter verhindern!\u201c<\/p>\n<p>Stellungnahme<br \/>\nDas B\u00fcndnis gegen Altersarmut begr\u00fc\u00dft ausdr\u00fccklich das Konzept der Grundrente, das Bundesarbeits- und sozialminister Hubertus Heil vorgelegt hat.<br \/>\nArbeitnehmer*innen m\u00fcssen nach einem langen Erwerbsleben die Sicherheit haben, eine Rente oberhalb des Grundsicherungsniveaus zu erhalten. Die Lebensleistung muss sich in einer ausk\u00f6mmlichen Rente widerspiegeln. Es ist deshalb richtig, dass niedrige Renten durch die Grundrente aufgewertet werden sollen. Gerade f\u00fcr viele Frauen w\u00e4re dies eine echte Wertsch\u00e4tzung und W\u00fcrdigung ihrer Lebensleistung.<br \/>\nAllerdings kritisieren wir hierbei die starren Zugangsvoraussetzungen von 35 Beitragsjahren und dass die Zeiten von Arbeitslosigkeit nicht ber\u00fccksichtigt werden sollen.<br \/>\nEine Bed\u00fcrftigkeitspr\u00fcfung lehnt das B\u00fcndnis ab, weil es entw\u00fcrdigend ist, nach einem langen Erwerbsleben als Bittsteller*in behandelt zu werden und weil dadurch das der gesetzlichen Rentenversicherung zugrundeliegende Versicherungsprinzip ausgeh\u00f6hlt wird.<br \/>\nDie Finanzierung der Grundrente sollte aus Steuermitteln erfolgen, da dies eine gesamtgesellschaftliche Aufgabe ist.<br \/>\nF\u00fcr die Zukunft muss die gesetzliche Rentenversicherung so ausgebaut werden, dass m\u00f6glichst alle Erwerbst\u00e4tigen einbezogen sind.<br \/>\nKontakt:<br \/>\nB\u00fcndnis gegen Altersarmut in Baden-W\u00fcrttemberg<br \/>\nc\/o ver.di Landesbezirk Baden-W\u00fcrttemberg<br \/>\nBereich Sozialpolitik \/ Karin Grimm<br \/>\nTheodor-Heuss-Stra\u00dfe 2 | tHeo.1<br \/>\n70174 Stuttgart<br \/>\nE-Mail: karin.grimm@verdi.de<br \/>\nB\u00fcndnis-Homepage: www.buendnis-gegen-altersarmut.de<\/p>\n","protected":false},"excerpt":{"rendered":"<p>Stellungnahme des B\u00fcndnisses gegen Altersarmut in Baden-W\u00fcrttemberg zum Konzept einer Grundrente des Bundesarbeits- und sozialministers Hubertus Heil Einleitung Mehr als 30 Sozialverb\u00e4nde, Gewerkschaften, zivilgesellschaftliche und kirchliche Organisationen in Baden-W\u00fcrttemberg haben sich am 3. April 2017 in Stuttgart zu einem breiten gesellschaftlichen B\u00fcndnis gegen Altersarmut zusammengefunden, um f\u00fcr einen Kurswechsel in der Rentenpolitik einzutreten. Die B\u00fcndnispartner*innen eint die Sorge, dass bereits ab 2030 Millionen \u00e4ltere Mitb\u00fcrger*innen auf den Gang zum Sozialamt angewiesen sein werden, wenn nicht heute gegengesteuert wird. Die damit verbundenen Folgen f\u00fcr den Zusammenhalt unserer Gesellschaft sind dramatisch. Im B\u00fcndnispapier halten die B\u00fcndnispartner*innen fest: \u201eEine reiche und soziale Gesellschaft darf es nicht l\u00e4nger zulassen, dass Menschen, die ein Leben lang gearbeitet haben, in Armut geraten. Ein Wechsel in der Rentenpolitik ist dringend n\u00f6tig und auch m\u00f6glich. Die gesetzliche Rente soll wieder die Wahrung des Lebensstandards im Alter erm\u00f6glichen. Sie muss Armut im Alter verhindern!\u201c Stellungnahme Das B\u00fcndnis gegen Altersarmut begr\u00fc\u00dft ausdr\u00fccklich das Konzept der Grundrente, das Bundesarbeits- und sozialminister Hubertus Heil vorgelegt hat. Arbeitnehmer*innen m\u00fcssen nach einem langen Erwerbsleben die Sicherheit haben, eine Rente oberhalb des Grundsicherungsniveaus zu erhalten. Die Lebensleistung muss sich in einer ausk\u00f6mmlichen Rente widerspiegeln. Es ist deshalb richtig, dass niedrige Renten durch die Grundrente aufgewertet werden sollen. Gerade f\u00fcr viele Frauen w\u00e4re dies eine echte Wertsch\u00e4tzung und W\u00fcrdigung ihrer Lebensleistung. Allerdings kritisieren wir hierbei die starren Zugangsvoraussetzungen von 35 Beitragsjahren und dass die Zeiten von Arbeitslosigkeit nicht ber\u00fccksichtigt werden sollen. Eine Bed\u00fcrftigkeitspr\u00fcfung lehnt das B\u00fcndnis ab, weil es entw\u00fcrdigend ist, nach einem langen Erwerbsleben als Bittsteller*in behandelt zu werden und weil dadurch das der gesetzlichen Rentenversicherung zugrundeliegende Versicherungsprinzip ausgeh\u00f6hlt wird. Die Finanzierung der Grundrente sollte aus Steuermitteln erfolgen, da dies eine gesamtgesellschaftliche Aufgabe ist. F\u00fcr die Zukunft muss die gesetzliche Rentenversicherung so ausgebaut werden, dass m\u00f6glichst alle Erwerbst\u00e4tigen einbezogen sind. Kontakt: B\u00fcndnis gegen Altersarmut in Baden-W\u00fcrttemberg c\/o ver.di Landesbezirk Baden-W\u00fcrttemberg Bereich Sozialpolitik \/ Karin Grimm Theodor-Heuss-Stra\u00dfe 2 | tHeo.1 70174 Stuttgart E-Mail: karin.grimm@verdi.de B\u00fcndnis-Homepage: www.buendnis-gegen-altersarmut.de<\/p>\n","protected":false},"author":1,"featured_media":0,"parent":0,"menu_order":0,"comment_status":"closed","ping_status":"closed","template":"","meta":{"ngg_post_thumbnail":0,"footnotes":""},"class_list":["post-1470","page","type-page","status-publish","hentry"],"_links":{"self":[{"href":"https:\/\/www.diakonie-marbach.de\/index.php\/wp-json\/wp\/v2\/pages\/1470","targetHints":{"allow":["GET"]}}],"collection":[{"href":"https:\/\/www.diakonie-marbach.de\/index.php\/wp-json\/wp\/v2\/pages"}],"about":[{"href":"https:\/\/www.diakonie-marbach.de\/index.php\/wp-json\/wp\/v2\/types\/page"}],"author":[{"embeddable":true,"href":"https:\/\/www.diakonie-marbach.de\/index.php\/wp-json\/wp\/v2\/users\/1"}],"replies":[{"embeddable":true,"href":"https:\/\/www.diakonie-marbach.de\/index.php\/wp-json\/wp\/v2\/comments?post=1470"}],"version-history":[{"count":1,"href":"https:\/\/www.diakonie-marbach.de\/index.php\/wp-json\/wp\/v2\/pages\/1470\/revisions"}],"predecessor-version":[{"id":1472,"href":"https:\/\/www.diakonie-marbach.de\/index.php\/wp-json\/wp\/v2\/pages\/1470\/revisions\/1472"}],"wp:attachment":[{"href":"https:\/\/www.diakonie-marbach.de\/index.php\/wp-json\/wp\/v2\/media?parent=1470"}],"curies":[{"name":"wp","href":"https:\/\/api.w.org\/{rel}","templated":true}]}}

Stellungnahme des Bündnisses gegen Altersarmut

<p>Stellungnahme des Bündnisses gegen Altersarmut in Baden-Württemberg zum Konzept einer Grundrente des Bundesarbeits- und sozialministers Hubertus Heil<br />
Einleitung<br />
Mehr als 30 Sozialverbände, Gewerkschaften, zivilgesellschaftliche und kirchliche Organisationen in Baden-Württemberg haben sich am 3. April 2017 in Stuttgart zu einem breiten gesellschaftlichen Bündnis gegen Altersarmut zusammengefunden, um für einen Kurswechsel in der Rentenpolitik einzutreten. Die Bündnispartner*innen eint die Sorge, dass bereits ab 2030 Millionen ältere Mitbürger*innen auf den Gang zum Sozialamt angewiesen sein werden, wenn nicht heute gegengesteuert wird. Die damit verbundenen Folgen für den Zusammenhalt unserer Gesellschaft sind dramatisch. Im Bündnispapier halten die Bündnispartner*innen fest: „Eine reiche und soziale Gesellschaft darf es nicht länger zulassen, dass Menschen, die ein Leben lang gearbeitet haben, in Armut geraten. Ein Wechsel in der Rentenpolitik ist dringend nötig und auch möglich. Die gesetzliche Rente soll wieder die Wahrung des Lebensstandards im Alter ermöglichen. Sie muss Armut im Alter verhindern!“</p>
<p>Stellungnahme<br />
Das Bündnis gegen Altersarmut begrüßt ausdrücklich das Konzept der Grundrente, das Bundesarbeits- und sozialminister Hubertus Heil vorgelegt hat.<br />
Arbeitnehmer*innen müssen nach einem langen Erwerbsleben die Sicherheit haben, eine Rente oberhalb des Grundsicherungsniveaus zu erhalten. Die Lebensleistung muss sich in einer auskömmlichen Rente widerspiegeln. Es ist deshalb richtig, dass niedrige Renten durch die Grundrente aufgewertet werden sollen. Gerade für viele Frauen wäre dies eine echte Wertschätzung und Würdigung ihrer Lebensleistung.<br />
Allerdings kritisieren wir hierbei die starren Zugangsvoraussetzungen von 35 Beitragsjahren und dass die Zeiten von Arbeitslosigkeit nicht berücksichtigt werden sollen.<br />
Eine Bedürftigkeitsprüfung lehnt das Bündnis ab, weil es entwürdigend ist, nach einem langen Erwerbsleben als Bittsteller*in behandelt zu werden und weil dadurch das der gesetzlichen Rentenversicherung zugrundeliegende Versicherungsprinzip ausgehöhlt wird.<br />
Die Finanzierung der Grundrente sollte aus Steuermitteln erfolgen, da dies eine gesamtgesellschaftliche Aufgabe ist.<br />
Für die Zukunft muss die gesetzliche Rentenversicherung so ausgebaut werden, dass möglichst alle Erwerbstätigen einbezogen sind.<br />
Kontakt:<br />
Bündnis gegen Altersarmut in Baden-Württemberg<br />
c/o ver.di Landesbezirk Baden-Württemberg<br />
Bereich Sozialpolitik / Karin Grimm<br />
Theodor-Heuss-Straße 2 | tHeo.1<br />
70174 Stuttgart<br />
E-Mail: karin.grimm@verdi.de<br />
Bündnis-Homepage: www.buendnis-gegen-altersarmut.de</p>

<p>Stellungnahme des Bündnisses gegen Altersarmut in Baden-Württemberg zum Konzept einer Grundrente des Bundesarbeits- und sozialministers Hubertus Heil Einleitung Mehr als 30 Sozialverbände, Gewerkschaften, zivilgesellschaftliche und kirchliche Organisationen in Baden-Württemberg haben sich am 3. April 2017 in Stuttgart zu einem breiten gesellschaftlichen Bündnis gegen Altersarmut zusammengefunden, um für einen Kurswechsel in der Rentenpolitik einzutreten. Die Bündnispartner*innen eint die Sorge, dass bereits ab 2030 Millionen ältere Mitbürger*innen auf den Gang zum Sozialamt angewiesen sein werden, wenn nicht heute gegengesteuert wird. Die damit verbundenen Folgen für den Zusammenhalt unserer Gesellschaft sind dramatisch. Im Bündnispapier halten die Bündnispartner*innen fest: „Eine reiche und soziale Gesellschaft darf es nicht länger zulassen, dass Menschen, die ein Leben lang gearbeitet haben, in Armut geraten. Ein Wechsel in der Rentenpolitik ist dringend nötig und auch möglich. Die gesetzliche Rente soll wieder die Wahrung des Lebensstandards im Alter ermöglichen. Sie muss Armut im Alter verhindern!“ Stellungnahme Das Bündnis gegen Altersarmut begrüßt ausdrücklich das Konzept der Grundrente, das Bundesarbeits- und sozialminister Hubertus Heil vorgelegt hat. Arbeitnehmer*innen müssen nach einem langen Erwerbsleben die Sicherheit haben, eine Rente oberhalb des Grundsicherungsniveaus zu erhalten. Die Lebensleistung muss sich in einer auskömmlichen Rente widerspiegeln. Es ist deshalb richtig, dass niedrige Renten durch die Grundrente aufgewertet werden sollen. Gerade für viele Frauen wäre dies eine echte Wertschätzung und Würdigung ihrer Lebensleistung. Allerdings kritisieren wir hierbei die starren Zugangsvoraussetzungen von 35 Beitragsjahren und dass die Zeiten von Arbeitslosigkeit nicht berücksichtigt werden sollen. Eine Bedürftigkeitsprüfung lehnt das Bündnis ab, weil es entwürdigend ist, nach einem langen Erwerbsleben als Bittsteller*in behandelt zu werden und weil dadurch das der gesetzlichen Rentenversicherung zugrundeliegende Versicherungsprinzip ausgehöhlt wird. Die Finanzierung der Grundrente sollte aus Steuermitteln erfolgen, da dies eine gesamtgesellschaftliche Aufgabe ist. Für die Zukunft muss die gesetzliche Rentenversicherung so ausgebaut werden, dass möglichst alle Erwerbstätigen einbezogen sind. Kontakt: Bündnis gegen Altersarmut in Baden-Württemberg c/o ver.di Landesbezirk Baden-Württemberg Bereich Sozialpolitik / Karin Grimm Theodor-Heuss-Straße 2 | tHeo.1 70174 Stuttgart E-Mail: karin.grimm@verdi.de Bündnis-Homepage: www.buendnis-gegen-altersarmut.de</p>
