{"id":1430,"date":"2019-03-15T16:50:13","date_gmt":"2019-03-15T15:50:13","guid":{"rendered":"http:\/\/www.diakonie-marbach.de\/?page_id=1430"},"modified":"2019-03-15T17:07:27","modified_gmt":"2019-03-15T16:07:27","slug":"diakonie-rundfahrt","status":"publish","type":"page","link":"https:\/\/www.diakonie-marbach.de\/index.php\/diakonie-rundfahrt\/","title":{"rendered":"Diakonie-Rundfahrt"},"content":{"rendered":"<p><strong>\u201cDiakonie-Rundfahrt\u201d am 15. Mai 2019<\/strong><br \/>\nEine Diakonie-Tour, die einen Blick hinter die Kulissen der diakonischen Arbeit im Kirchenbezirk Marbach bietet.<br \/>\nReferent\/innen: Claudia Hiller-Melcher, Carmen Meinhardt-Pfleiderer, \u00a0 \u00a0 \u00a0 \u00a0 \u00a0 \u00a0 \u00a0 \u00a0 \u00a0\u00a0 Rainer Bauer.<br \/>\nOrt: 71672 Marbach a. N., Diakonische Bezirksstelle Marbach a.N.<br \/>\nTermin: 15.5.2019,<br \/>\nZeit: 9:00 Uhr bis ca. 15.00 Uhr inkl. Mittagessen<br \/>\nZielgruppe: Interessierte aus Kirche u. Diakonie ( 14 Personen )<br \/>\nKosten: wir stellen ein K\u00f6rble auf\u2026.<br \/>\nDie diakonische Arbeit der Kirchenbezirke hat vielf\u00e4ltige Kernaufgaben. Zu den wichtigsten geh\u00f6ren die Beratung und Hilfe f\u00fcr Menschen in krisenhaften Lebenssituationen.<br \/>\nBegleiten Sie uns auf eine kleine Tour durch die diakonische Landschaft im Kirchenbezirk Marbach und nutzen Sie die M\u00f6glichkeit, hinter die Kulissen diakonischer Arbeit zu schauen.<br \/>\nSie sehen die Diakonische Beratungsstelle und erfahren viel \u00fcber die Sozialberatung und die Arbeit mit Angeh\u00f6rigen von an Demenz erkrankten Menschen. Wir fahren los Richtung Norden, besuchen die Diakoniestation in Gro\u00dfbottwar und h\u00f6ren von Diakon Herr Hessenauer etwas \u00fcber seinen dortigen Dienst.<br \/>\nEs geht weiter nach Beilstein, wo wir das Tafelmobil kennenlernen. Den Abschluss gestaltet die Theo-Lorch-Werkstatt in Gro\u00dfbottwar, wo wir eine F\u00fchrung erleben und zu Mittag essen werden.<br \/>\nAnmeldung: bis 02.Mai 2019 an das Kreisbildungswerk Ludwigsburg info@kreisbildungswerk-lb.de<\/p>\n<p>&nbsp;<\/p>\n","protected":false},"excerpt":{"rendered":"<p>\u201cDiakonie-Rundfahrt\u201d am 15. Mai 2019 Eine Diakonie-Tour, die einen Blick hinter die Kulissen der diakonischen Arbeit im Kirchenbezirk Marbach bietet. Referent\/innen: Claudia Hiller-Melcher, Carmen Meinhardt-Pfleiderer, \u00a0 \u00a0 \u00a0 \u00a0 \u00a0 \u00a0 \u00a0 \u00a0 \u00a0\u00a0 Rainer Bauer. Ort: 71672 Marbach a. N., Diakonische Bezirksstelle Marbach a.N. Termin: 15.5.2019, Zeit: 9:00 Uhr bis ca. 15.00 Uhr inkl. Mittagessen Zielgruppe: Interessierte aus Kirche u. Diakonie ( 14 Personen ) Kosten: wir stellen ein K\u00f6rble auf\u2026. Die diakonische Arbeit der Kirchenbezirke hat vielf\u00e4ltige Kernaufgaben. Zu den wichtigsten geh\u00f6ren die Beratung und Hilfe f\u00fcr Menschen in krisenhaften Lebenssituationen. Begleiten Sie uns auf eine kleine Tour durch die diakonische Landschaft im Kirchenbezirk Marbach und nutzen Sie die M\u00f6glichkeit, hinter die Kulissen diakonischer Arbeit zu schauen. Sie sehen die Diakonische Beratungsstelle und erfahren viel \u00fcber die Sozialberatung und die Arbeit mit Angeh\u00f6rigen von an Demenz erkrankten Menschen. Wir fahren los Richtung Norden, besuchen die Diakoniestation in Gro\u00dfbottwar und h\u00f6ren von Diakon Herr Hessenauer etwas \u00fcber seinen dortigen Dienst. Es geht weiter nach Beilstein, wo wir das Tafelmobil kennenlernen. Den Abschluss gestaltet die Theo-Lorch-Werkstatt in Gro\u00dfbottwar, wo wir eine F\u00fchrung erleben und zu Mittag essen werden. Anmeldung: bis 02.Mai 2019 an das Kreisbildungswerk Ludwigsburg info@kreisbildungswerk-lb.de &nbsp;<\/p>\n","protected":false},"author":1,"featured_media":0,"parent":0,"menu_order":0,"comment_status":"closed","ping_status":"closed","template":"","meta":{"ngg_post_thumbnail":0,"footnotes":""},"class_list":["post-1430","page","type-page","status-publish","hentry"],"_links":{"self":[{"href":"https:\/\/www.diakonie-marbach.de\/index.php\/wp-json\/wp\/v2\/pages\/1430","targetHints":{"allow":["GET"]}}],"collection":[{"href":"https:\/\/www.diakonie-marbach.de\/index.php\/wp-json\/wp\/v2\/pages"}],"about":[{"href":"https:\/\/www.diakonie-marbach.de\/index.php\/wp-json\/wp\/v2\/types\/page"}],"author":[{"embeddable":true,"href":"https:\/\/www.diakonie-marbach.de\/index.php\/wp-json\/wp\/v2\/users\/1"}],"replies":[{"embeddable":true,"href":"https:\/\/www.diakonie-marbach.de\/index.php\/wp-json\/wp\/v2\/comments?post=1430"}],"version-history":[{"count":3,"href":"https:\/\/www.diakonie-marbach.de\/index.php\/wp-json\/wp\/v2\/pages\/1430\/revisions"}],"predecessor-version":[{"id":1442,"href":"https:\/\/www.diakonie-marbach.de\/index.php\/wp-json\/wp\/v2\/pages\/1430\/revisions\/1442"}],"wp:attachment":[{"href":"https:\/\/www.diakonie-marbach.de\/index.php\/wp-json\/wp\/v2\/media?parent=1430"}],"curies":[{"name":"wp","href":"https:\/\/api.w.org\/{rel}","templated":true}]}}