{"id":133,"date":"2018-05-24T12:33:54","date_gmt":"2018-05-24T10:33:54","guid":{"rendered":"http:\/\/www.diakonie-marbach.de\/?page_id=133"},"modified":"2021-12-08T09:54:38","modified_gmt":"2021-12-08T08:54:38","slug":"mitarbeit","status":"publish","type":"page","link":"https:\/\/www.diakonie-marbach.de\/index.php\/mitarbeit\/","title":{"rendered":"Mitarbeit\/Ehrenamt"},"content":{"rendered":"\t\t<div data-elementor-type=\"wp-page\" data-elementor-id=\"133\" class=\"elementor elementor-133\">\n\t\t\t\t\t\t<section class=\"elementor-section elementor-top-section elementor-element elementor-element-41769b69 elementor-section-boxed elementor-section-height-default elementor-section-height-default\" data-id=\"41769b69\" data-element_type=\"section\" data-e-type=\"section\">\n\t\t\t\t\t\t<div class=\"elementor-container elementor-column-gap-default\">\n\t\t\t\t\t<div class=\"elementor-column elementor-col-100 elementor-top-column elementor-element elementor-element-4e01f6fe\" data-id=\"4e01f6fe\" data-element_type=\"column\" data-e-type=\"column\">\n\t\t\t<div class=\"elementor-widget-wrap elementor-element-populated\">\n\t\t\t\t\t\t<div class=\"elementor-element elementor-element-78b2ae57 elementor-widget elementor-widget-text-editor\" data-id=\"78b2ae57\" data-element_type=\"widget\" data-e-type=\"widget\" data-widget_type=\"text-editor.default\">\n\t\t\t\t<div class=\"elementor-widget-container\">\n\t\t\t\t\t\t\t\t\t<p><img decoding=\"async\" class=\"alignleft size-thumbnail wp-image-1179\" style=\"background-color: transparent; color: #333333; float: left; font-family: ' libre franklin','helvetica neue',helvetica,arial,sans-serif; font-size: 16px; font-style: normal; font-variant: normal; font-weight: 400; height: 150px; letter-spacing: normal; max-width: 580px; orphans: 2; text-align: left; text-decoration: none; text-indent: 0px; text-transform: none; -webkit-text-stroke-width: 0px; white-space: normal; width: 150px; word-spacing: 0px; margin: 8px 16px 8px 0px;\" src=\"http:\/\/www.diakonie-marbach.de\/wp-content\/uploads\/elektrisches-licht-elektrizitat-energie-40889-150x150.jpg\" alt=\"\" width=\"150\" height=\"150\" \/>F\u00fcr den Bereich der Schuldner-und Sozialberatung suchen wir eine Person, die sich mit <strong><em><span style=\"color: #000000;\">Strom, Elektrizit\u00e4t und technischen Ger\u00e4ten<\/span><\/em><\/strong> gut auskennt und sich ehrenamtlich im Bereich der Diakonie engagieren m\u00f6chte.<\/p><p><span style=\"color: #000000;\"><em><strong>Sachkenntnis im Umgang mit Finanzen&#8230;?<\/strong><\/em><\/span><br \/>\u2026 und ein bisschen Zeit \u00fcbrig? Dann w\u00fcrden wir uns \u00fcber eine Kontaktaufnahme freuen. Wir suchen Ehrenamtliche, die als <em><strong>Schuldnerbegleiter\/innen <\/strong><\/em>unsere Klienten dahingehend unterst\u00fctzen, dass ihre Finanzlage wieder \u00fcbersichtlich und geordnet wird.<\/p><p><span style=\"color: #000000;\"><b>Unterst\u00fctzung bei Bewerbungen<br \/><\/b><span style=\"color: #808080;\">Wir stellen einen Unterst\u00fctzungsbedarf beim Verfassen von Bewerbungen fest.\u00a0 Wenn Sie an diesem Punkt Ihre Erfahrungen einbringen m\u00f6chten, w\u00e4ren Sie uns und den Klienten eine gro\u00dfe Hilfe.<br \/><\/span><b><\/b><\/span><span style=\"display: inline !important; float: none; background-color: transparent; color: #333333; font-family: 'Libre Franklin','Helvetica Neue',helvetica,arial,sans-serif; font-size: 16px; font-style: normal; font-variant: normal; font-weight: 400; letter-spacing: normal; orphans: 2; text-align: left; text-decoration: none; text-indent: 0px; text-transform: none; -webkit-text-stroke-width: 0px; white-space: normal; word-spacing: 0px;\">Ansprechpartner ist Rainer Bauer<\/span><br style=\"background-color: transparent; color: #333333; font-family: ' libre franklin','helvetica neue',helvetica,arial,sans-serif; font-size: 16px; font-style: normal; font-variant: normal; font-weight: 400; letter-spacing: normal; line-height: 26.56px; max-width: none; min-height: 0px; orphans: 2; overflow: visible; text-align: left; text-decoration: none; text-indent: 0px; text-transform: none; -webkit-text-stroke-width: 0px; white-space: normal; word-spacing: 0px; word-wrap: break-word; padding: 0px; margin: 0px;\" \/><span style=\"display: inline !important; float: none; background-color: transparent; color: #333333; font-family: 'Libre Franklin','Helvetica Neue',helvetica,arial,sans-serif; font-size: 16px; font-style: normal; font-variant: normal; font-weight: 400; letter-spacing: normal; orphans: 2; text-align: left; text-decoration: none; text-indent: 0px; text-transform: none; -webkit-text-stroke-width: 0px; white-space: normal; word-spacing: 0px;\">Tel: 07144-97375<\/span><\/p>\t\t\t\t\t\t\t\t<\/div>\n\t\t\t\t<\/div>\n\t\t\t\t\t<\/div>\n\t\t<\/div>\n\t\t\t\t\t<\/div>\n\t\t<\/section>\n\t\t\t\t<\/div>\n\t\t","protected":false},"excerpt":{"rendered":"<p>F\u00fcr den Bereich der Schuldner-und Sozialberatung suchen wir eine Person, die sich mit Strom, Elektrizit\u00e4t und technischen Ger\u00e4ten gut auskennt und sich ehrenamtlich im Bereich der Diakonie engagieren m\u00f6chte. Sachkenntnis im Umgang mit Finanzen&#8230;? \u2026 und ein bisschen Zeit \u00fcbrig? Dann w\u00fcrden wir uns \u00fcber eine Kontaktaufnahme freuen. Wir suchen Ehrenamtliche, die als Schuldnerbegleiter\/innen unsere Klienten dahingehend unterst\u00fctzen, dass ihre Finanzlage wieder \u00fcbersichtlich und geordnet wird. Unterst\u00fctzung bei Bewerbungen Wir stellen einen Unterst\u00fctzungsbedarf beim Verfassen von Bewerbungen fest.\u00a0 Wenn Sie an diesem Punkt Ihre Erfahrungen einbringen m\u00f6chten, w\u00e4ren Sie uns und den Klienten eine gro\u00dfe Hilfe. Ansprechpartner ist Rainer BauerTel: 07144-97375<\/p>\n","protected":false},"author":1,"featured_media":0,"parent":0,"menu_order":0,"comment_status":"closed","ping_status":"closed","template":"","meta":{"ngg_post_thumbnail":0,"footnotes":""},"class_list":["post-133","page","type-page","status-publish","hentry"],"_links":{"self":[{"href":"https:\/\/www.diakonie-marbach.de\/index.php\/wp-json\/wp\/v2\/pages\/133","targetHints":{"allow":["GET"]}}],"collection":[{"href":"https:\/\/www.diakonie-marbach.de\/index.php\/wp-json\/wp\/v2\/pages"}],"about":[{"href":"https:\/\/www.diakonie-marbach.de\/index.php\/wp-json\/wp\/v2\/types\/page"}],"author":[{"embeddable":true,"href":"https:\/\/www.diakonie-marbach.de\/index.php\/wp-json\/wp\/v2\/users\/1"}],"replies":[{"embeddable":true,"href":"https:\/\/www.diakonie-marbach.de\/index.php\/wp-json\/wp\/v2\/comments?post=133"}],"version-history":[{"count":22,"href":"https:\/\/www.diakonie-marbach.de\/index.php\/wp-json\/wp\/v2\/pages\/133\/revisions"}],"predecessor-version":[{"id":3390,"href":"https:\/\/www.diakonie-marbach.de\/index.php\/wp-json\/wp\/v2\/pages\/133\/revisions\/3390"}],"wp:attachment":[{"href":"https:\/\/www.diakonie-marbach.de\/index.php\/wp-json\/wp\/v2\/media?parent=133"}],"curies":[{"name":"wp","href":"https:\/\/api.w.org\/{rel}","templated":true}]}}